{"version":"1.0","type":"rich","width":"560px","height":"140px","title":"#DiePodcastin schaut auf 2021: Was Isabel Rohner &#038; Regula St\u00e4mpfli sich f\u00fcrs Neue Jahr w\u00fcnschen","url":"https:\/\/diepodcastin.de\/2020\/12\/26\/diepodcastin-schaut-auf-2021-was-isabel-rohner-regula-staempfli-sich-fuers-neue-jahr-wuenschen\/","author_name":"DiePodcastin - Der feministische Politwochenrueckblick von Isabel Rohner &amp; Regula Staempfli","author_url":"https:\/\/diepodcastin.de","thumbnail_url":"https:\/\/diepodcastin.de\/wp-content\/uploads\/neujahr.jpg","html":"<iframe width=\"560px\" height=\"140px\" src=\"https:\/\/diepodcastin.de\/2020\/12\/26\/diepodcastin-schaut-auf-2021-was-isabel-rohner-regula-staempfli-sich-fuers-neue-jahr-wuenschen\/?standalonePlayer\"><\/iframe>"}

#DiePodcastin schaut auf 2021: Was Isabel Rohner &#038; Regula Stämpfli sich fürs Neue Jahr wünschen
