{"version":"1.0","type":"rich","width":"560px","height":"140px","title":"DiePodcastin w\u00e4hlt: Isabel Rohner und Regula Staempfli \u00fcber die Wahlen in Baden-Wuerttemberg, den Iran-Krieg, nicht-geahndete Vergewaltigung in Berlin, Lanz\/Precht Podcast zwecks Antiamerikanismus und Israel-Verschw\u00f6rung. - Die Podcastin: Isabel Rohner & Regula Staempfli im sprechenden Denken \u00fcber Iran-Krieg, Wahlen in Baden-W\u00fcrttemberg, Bias in den Medien und entsetzliche Vorg\u00e4nge im Jugendheim Berlin. ","url":"https:\/\/diepodcastin.de\/2026\/03\/14\/diepodcastin-wahlt-isabel-rohner-und-regula-staempfli-uber-die-wahlen-in-baden-wuerttemberg-den-iran-krieg-nicht-geahndete-vergewaltigung-in-berlin-lanz-precht-podcast-zwecks-antiamerikanismus-und\/","author_name":"DiePodcastin - Der feministische Politwochenrueckblick von Isabel Rohner &amp; Regula Staempfli","author_url":"https:\/\/diepodcastin.de","thumbnail_url":"https:\/\/diepodcastin.de\/wp-content\/uploads\/IMG_6212.jpg","html":"<iframe width=\"560px\" height=\"140px\" src=\"https:\/\/diepodcastin.de\/2026\/03\/14\/diepodcastin-wahlt-isabel-rohner-und-regula-staempfli-uber-die-wahlen-in-baden-wuerttemberg-den-iran-krieg-nicht-geahndete-vergewaltigung-in-berlin-lanz-precht-podcast-zwecks-antiamerikanismus-und\/?standalonePlayer\"><\/iframe>"}

DiePodcastin wählt: Isabel Rohner und Regula Staempfli über die Wahlen in Baden-Wuerttemberg, den Iran-Krieg, nicht-geahndete Vergewaltigung in Berlin, Lanz/Precht Podcast zwecks Antiamerikanismus und Israel-Verschwörung. - Die Podcastin: Isabel Rohner & Regula Staempfli im sprechenden Denken über Iran-Krieg, Wahlen in Baden-Württemberg, Bias in den Medien und entsetzliche Vorgänge im Jugendheim Berlin.
